{"id":42,"date":"2022-02-07T22:39:17","date_gmt":"2022-02-07T22:39:17","guid":{"rendered":"https:\/\/mconnect-preprod.go-vip.net\/mconnect-lite\/?page_id=42"},"modified":"2025-04-14T12:26:39","modified_gmt":"2025-04-14T12:26:39","slug":"homepage-logged-in-users","status":"publish","type":"page","link":"https:\/\/msdprelekarov.sk\/edu\/homepage-logged-in-users\/","title":{"rendered":"Domov"},"content":{"rendered":"\n<h2 class=\"wp-block-heading mhh-mcn-v1-heading--center mhh-mcn-v1-heading mhh-mcn-v1-heading--e30b1d7d90d5d99ca10bcc0706833e3d\">Vitajte na str\u00e1nkach MSDprelek\u00e1rov.sk<br>Pros\u00edm, vyberte si obsah, o ktor\u00fd m\u00e1te z\u00e1ujem:<\/h2>\n\n\n<div class=\"mhh-mcn-columns mhh-mcn-v1-columns--f58b010433f5df24dc494a9ad4212996 mhh-mcn-v1-columns mhh-mcn-columns--gutter-m\">\n    <div class=\"mhh-mcn-columns-inner\">\n        \n<div class=\"mhh-mcn-v1-column mhh-mcn-v1-column--7aac4bb6c9e5855629dbf1e12a8b7fc8 mhh-mcn-column mhh-mcn-column--12 mhh-mcn-column--m-6 mhh-mcn-column--l-6\">\n    \n<figure class=\"mhh-mcn-v1-image mhh-mcn-v1-image--align-center mhh-mcn-v1-image--8208bf90154177f1c94b309690bcc0ab\">\n                <a\n        class=\"mhh-mcn-anchor-for-image\"\n        href=\"https:\/\/msdprelekarov.sk\/domov-new\/\"\n        rel=\"\"\n        target=\"\"\n    >\n            <img loading=\"lazy\" decoding=\"async\"\n        class=\"mhh-mcn-image mhh-mcn-image--full wp-image-12845\"\n        src=\"https:\/\/msdprelekarov.sk\/edu\/wp-content\/uploads\/sites\/87\/2022\/11\/MSD_Banner-POPup-rozcestnik_TERAPEUTICKA-OBLAST_01.png?quality=80&#038;lossy=1\"\n        width=\"400\"\n        height=\"400\"\n                alt=\"Terapeutick\u00e9 oblasti a produkty\"\n            \/>\n        <\/a>\n        <\/figure>\n\n\n<div class=\"mhh-mcn-v1-links mhh-mcn-v1-links--justified-center mhh-mcn-v1-links--222df89355a4f27f947376737621b94e\">\n    <a class=\"mhh-mcn-v1-link mhh-mcn-v1-link--center mhh-mcn-v1-link--953c7135c1d043804d8416992d1b4e1f\" href=\"https:\/\/msdprelekarov.sk\/domov-new\/\" target=\"_self\">\n                    <span class=\"mhh-mcn-v1-link__label\">Terapeutick\u00e9 oblasti a produkty<\/span>\n                <\/a><\/div>\n\n<\/div>\n\n\n<div class=\"mhh-mcn-v1-column mhh-mcn-v1-column--a44a779625f2af134a8ec89dc66f96ff mhh-mcn-column mhh-mcn-column--12 mhh-mcn-column--m-6 mhh-mcn-column--l-6\">\n    \n<figure class=\"mhh-mcn-v1-image mhh-mcn-v1-image--align-center mhh-mcn-v1-image--9e68a5b50b1b6aa3c6274dba748ba1b0\">\n                <a\n        class=\"mhh-mcn-anchor-for-image\"\n        href=\"https:\/\/msdprelekarov.sk\/edu\/msdprelekarov-sk-domov\/\"\n        rel=\"\"\n        target=\"\"\n    >\n            <img decoding=\"async\"\n        class=\"mhh-mcn-image mhh-mcn-image--full wp-image-12846\"\n        src=\"https:\/\/msdprelekarov.sk\/edu\/wp-content\/uploads\/sites\/87\/2022\/11\/MSD_Banner-POPup-rozcestnik_EDUKACNA-SEKCIA_02.png?quality=80&#038;lossy=1\"\n        width=\"400\"\n        height=\"400\"\n        loading=\"lazy\"        alt=\"Eduka\u010dn\u00e1 sekcia\"\n            \/>\n        <\/a>\n        <\/figure>\n\n\n<div class=\"mhh-mcn-v1-links mhh-mcn-v1-links--justified-center mhh-mcn-v1-links--2dda0ad1619ff660c98ad9e935be1963\">\n    <a class=\"mhh-mcn-v1-link mhh-mcn-v1-link--center mhh-mcn-v1-link--03c10b495425b6a847b6550aaa572154\" href=\"https:\/\/msdprelekarov.sk\/edu\/msdprelekarov-sk-domov\/\" target=\"_self\">\n                    <span class=\"mhh-mcn-v1-link__label\">Eduka\u010dn\u00e1 sekcia<\/span>\n                <\/a><\/div>\n\n<\/div>\n\n    <\/div>\n\n    <\/div>\n","protected":false},"excerpt":{"rendered":"<p>Vitajte na str\u00e1nkach MSDprelek\u00e1rov.skPros\u00edm, vyberte si obsah, o ktor\u00fd m\u00e1te z\u00e1ujem:<\/p>\n","protected":false},"author":1142,"featured_media":0,"parent":0,"menu_order":11,"comment_status":"closed","ping_status":"closed","template":"","meta":{"_mhh_sticky_footer_settings":{"entityId":0},"_mhh_sticky_footer_posts":"","_mhh_sticky_footer_expanded":false,"_mhh_mcn_text_direction":"","_mhh_mcn_language":"","_mhh_mcn_left_sidebar_settings":{"entityId":0},"_mhh_mcn_sidebar_settings":{"entityId":0},"mhh_mcn_side_navigation_style":{"fontSize":{"l":"","m":"","s":""},"lineHeight":{"l":1.5,"m":1.5,"s":1.5},"itemColor":"","hoverItemColor":"","currentItemColor":"","borderItemColor":"","backgroundItemHoverColor":"","themeColor":""},"_mhh_mcn_child_page_navigation":{"isActive":false,"isSticky":false},"toc_meta":{"toc_content":"<ol><li><ol><li><a href=\"#vitajtenastrnkachmsdprelekrovskbrprosmvybertesiobsahoktormtezujem\" data-heading-index=\"1\">Vitajte na str\u00e1nkach MSDprelek\u00e1rov.sk<br>Pros\u00edm, vyberte si obsah, o ktor\u00fd m\u00e1te z\u00e1ujem:<\/a><\/li><\/ol><\/li><\/ol>","toc_freeze":"0","toc_hide":"0","toc_header_default_settings":"1","toc_header_text":"Table of Contents","toc_header_show":"","toc_header_level":"h2","toc_title_default_settings":"1","toc_title_text":"Table of Contents","toc_title_show":""},"hide_header":true,"show_top_bar":false,"hide_footer":false,"full_width_layout":false,"icon":null,"job_code":"","primary_tag":0,"editor_notices":[],"mconnectHideShareThis":true,"footnotes":"","mconnectIsArchiveTemplate":false,"mconnectArchiveFiltersDisabled":false,"mconnectArchiveLockAllPresetFilters":false,"mconnectArchiveHidePageSubmenu":false,"mconnectArchiveShowParentPageOnly":false,"mconnectArchiveDefaultOrder":"DESC","mconnectArchiveDefaultOrderBy":"date","mconnectArchivePostsPerPage":12,"mconnectArchivePostTypes":[],"mconnectArchiveAllowFilterBy":["category","tx-content-type","tx-product","tx-pathology","tx-active-ingredient","tx-therapeutic-area"],"mconnectArchiveFilterSorting":["is_keyword","is_date"],"mconnectArchiveContentItemStyle":{"showExcerpt":true,"showImage":true,"showIcon":false,"showPrimaryTag":true,"showBorder":false,"showDates":false,"showCta":true,"isCard":false,"hasBackground":false,"showMetadata":true},"mconnectArchiveLayout":{"type":"list","hasFeatured":false},"mconnectDynamicTaxonomyEntities":[],"mconnectArchiveTerms_category":[],"mconnectArchiveAllowTerms_category":[],"mconnectArchiveTerms_tx-content-type":[],"mconnectArchiveAllowTerms_tx-content-type":[],"mconnectArchiveTerms_tx-product":[],"mconnectArchiveAllowTerms_tx-product":[],"mconnectArchiveTerms_tx-pathology":[],"mconnectArchiveAllowTerms_tx-pathology":[],"mconnectArchiveTerms_tx-active-ingredient":[],"mconnectArchiveAllowTerms_tx-active-ingredient":[],"mconnectArchiveTerms_tx-therapeutic-area":[],"mconnectArchiveAllowTerms_tx-therapeutic-area":[],"mconnectArchiveAllowTerms_dynamic-taxonomy":[],"mconnectArchiveLegacyDefaultTermsApplied":false,"mconnectContentUpdatesPerPage":10,"mconnectContentUpdatesViewMoreUrl":"","mconnectContentUpdatesTerms_tx-content-type":[],"mconnectContentUpdatesTerms_tx-product":[],"mconnectContentUpdatesTerms_tx-pathology":[],"mconnectContentUpdatesTerms_tx-active-ingredient":[],"mconnectContentUpdatesTerms_tx-therapeutic-area":[],"mconnectContentUpdatesTerms_content-update-type":[]},"categories":[],"tags":[],"ga4_page_audience":[],"ga4_page_birn_id":[],"ga4_page_branding":[],"ga4_page_businessunit":[],"ga4_page_campaign":[],"ga4_page_content_purpose":[],"ga4_page_customer_journey_stage":[],"ga4_page_customer_specialty":[],"ga4_page_experience":[],"ga4_page_indication":[],"ga4_page_material_intent":[],"ga4_page_product":[],"ga4_page_region":[],"ga4_page_therapeuticarea":[],"tx-therapeutic-area":[],"tx-product":[],"tx-pathology":[],"tx-content-type":[],"tx-active-ingredient":[],"mhh-area-of-interest":[],"access":[],"user_status":[],"user_role":[],"class_list":["post-42","page","type-page","status-publish","hentry"],"yoast_head":"<!-- This site is optimized with the Yoast SEO plugin v23.9 - https:\/\/yoast.com\/wordpress\/plugins\/seo\/ -->\n<title>Domov - Eduka\u010dn\u00fd port\u00e1l<\/title>\n<meta name=\"robots\" content=\"index, follow, max-snippet:-1, max-image-preview:large, max-video-preview:-1\" \/>\n<link rel=\"canonical\" href=\"https:\/\/msdprelekarov.sk\/edu\/\" \/>\n<meta property=\"og:locale\" content=\"sk_SK\" \/>\n<meta property=\"og:type\" content=\"article\" \/>\n<meta property=\"og:title\" content=\"Domov - Eduka\u010dn\u00fd port\u00e1l\" \/>\n<meta property=\"og:description\" content=\"Vitajte na str\u00e1nkach MSDprelek\u00e1rov.skPros\u00edm, vyberte si obsah, o ktor\u00fd m\u00e1te z\u00e1ujem:\" \/>\n<meta property=\"og:url\" content=\"https:\/\/msdprelekarov.sk\/edu\/\" \/>\n<meta property=\"og:site_name\" content=\"Eduka\u010dn\u00fd port\u00e1l\" \/>\n<meta property=\"article:modified_time\" content=\"2025-04-14T12:26:39+00:00\" \/>\n<meta name=\"twitter:card\" content=\"summary_large_image\" \/>\n<meta name=\"twitter:label1\" content=\"Predpokladan\u00fd \u010das \u010d\u00edtania\" \/>\n\t<meta name=\"twitter:data1\" content=\"1 min\u00fata\" \/>\n<script type=\"application\/ld+json\" class=\"yoast-schema-graph\">{\"@context\":\"https:\/\/schema.org\",\"@graph\":[{\"@type\":\"WebPage\",\"@id\":\"https:\/\/msdprelekarov.sk\/edu\/\",\"url\":\"https:\/\/msdprelekarov.sk\/edu\/\",\"name\":\"Domov - Eduka\u010dn\u00fd port\u00e1l\",\"isPartOf\":{\"@id\":\"https:\/\/msdprelekarov.sk\/edu\/#website\"},\"datePublished\":\"2022-02-07T22:39:17+00:00\",\"dateModified\":\"2025-04-14T12:26:39+00:00\",\"breadcrumb\":{\"@id\":\"https:\/\/msdprelekarov.sk\/edu\/#breadcrumb\"},\"inLanguage\":\"sk-SK\",\"potentialAction\":[{\"@type\":\"ReadAction\",\"target\":[\"https:\/\/msdprelekarov.sk\/edu\/\"]}]},{\"@type\":\"BreadcrumbList\",\"@id\":\"https:\/\/msdprelekarov.sk\/edu\/#breadcrumb\",\"itemListElement\":[{\"@type\":\"ListItem\",\"position\":1,\"name\":\"Domov\",\"item\":\"https:\/\/msdprelekarov.sk\/edu\/\"},{\"@type\":\"ListItem\",\"position\":2,\"name\":\"Domov\"}]},{\"@type\":\"WebSite\",\"@id\":\"https:\/\/msdprelekarov.sk\/edu\/#website\",\"url\":\"https:\/\/msdprelekarov.sk\/edu\/\",\"name\":\"Eduka\u010dn\u00fd port\u00e1l\",\"description\":\"\",\"publisher\":{\"@id\":\"https:\/\/msdprelekarov.sk\/edu\/#organization\"},\"potentialAction\":[{\"@type\":\"SearchAction\",\"target\":{\"@type\":\"EntryPoint\",\"urlTemplate\":\"https:\/\/msdprelekarov.sk\/edu\/?s={search_term_string}\"},\"query-input\":{\"@type\":\"PropertyValueSpecification\",\"valueRequired\":true,\"valueName\":\"search_term_string\"}}],\"inLanguage\":\"sk-SK\"},{\"@type\":\"Organization\",\"@id\":\"https:\/\/msdprelekarov.sk\/edu\/#organization\",\"name\":\"Eduka\u010dn\u00fd port\u00e1l\",\"url\":\"https:\/\/msdprelekarov.sk\/edu\/\",\"logo\":{\"@type\":\"ImageObject\",\"inLanguage\":\"sk-SK\",\"@id\":\"https:\/\/msdprelekarov.sk\/edu\/#\/schema\/logo\/image\/\",\"url\":\"https:\/\/msdprelekarov.sk\/edu\/wp-content\/uploads\/sites\/87\/2026\/03\/cropped-02852_MSD_Logo_Horizontal_TealGrey_RGB-e1773821662338.png\",\"contentUrl\":\"https:\/\/msdprelekarov.sk\/edu\/wp-content\/uploads\/sites\/87\/2026\/03\/cropped-02852_MSD_Logo_Horizontal_TealGrey_RGB-e1773821662338.png\",\"width\":120,\"height\":45,\"caption\":\"Eduka\u010dn\u00fd port\u00e1l\"},\"image\":{\"@id\":\"https:\/\/msdprelekarov.sk\/edu\/#\/schema\/logo\/image\/\"}}]}<\/script>\n<!-- \/ Yoast SEO plugin. -->","yoast_head_json":{"title":"Domov - Eduka\u010dn\u00fd port\u00e1l","robots":{"index":"index","follow":"follow","max-snippet":"max-snippet:-1","max-image-preview":"max-image-preview:large","max-video-preview":"max-video-preview:-1"},"canonical":"https:\/\/msdprelekarov.sk\/edu\/","og_locale":"sk_SK","og_type":"article","og_title":"Domov - Eduka\u010dn\u00fd port\u00e1l","og_description":"Vitajte na str\u00e1nkach MSDprelek\u00e1rov.skPros\u00edm, vyberte si obsah, o ktor\u00fd m\u00e1te z\u00e1ujem:","og_url":"https:\/\/msdprelekarov.sk\/edu\/","og_site_name":"Eduka\u010dn\u00fd port\u00e1l","article_modified_time":"2025-04-14T12:26:39+00:00","twitter_card":"summary_large_image","twitter_misc":{"Predpokladan\u00fd \u010das \u010d\u00edtania":"1 min\u00fata"},"schema":{"@context":"https:\/\/schema.org","@graph":[{"@type":"WebPage","@id":"https:\/\/msdprelekarov.sk\/edu\/","url":"https:\/\/msdprelekarov.sk\/edu\/","name":"Domov - Eduka\u010dn\u00fd port\u00e1l","isPartOf":{"@id":"https:\/\/msdprelekarov.sk\/edu\/#website"},"datePublished":"2022-02-07T22:39:17+00:00","dateModified":"2025-04-14T12:26:39+00:00","breadcrumb":{"@id":"https:\/\/msdprelekarov.sk\/edu\/#breadcrumb"},"inLanguage":"sk-SK","potentialAction":[{"@type":"ReadAction","target":["https:\/\/msdprelekarov.sk\/edu\/"]}]},{"@type":"BreadcrumbList","@id":"https:\/\/msdprelekarov.sk\/edu\/#breadcrumb","itemListElement":[{"@type":"ListItem","position":1,"name":"Domov","item":"https:\/\/msdprelekarov.sk\/edu\/"},{"@type":"ListItem","position":2,"name":"Domov"}]},{"@type":"WebSite","@id":"https:\/\/msdprelekarov.sk\/edu\/#website","url":"https:\/\/msdprelekarov.sk\/edu\/","name":"Eduka\u010dn\u00fd port\u00e1l","description":"","publisher":{"@id":"https:\/\/msdprelekarov.sk\/edu\/#organization"},"potentialAction":[{"@type":"SearchAction","target":{"@type":"EntryPoint","urlTemplate":"https:\/\/msdprelekarov.sk\/edu\/?s={search_term_string}"},"query-input":{"@type":"PropertyValueSpecification","valueRequired":true,"valueName":"search_term_string"}}],"inLanguage":"sk-SK"},{"@type":"Organization","@id":"https:\/\/msdprelekarov.sk\/edu\/#organization","name":"Eduka\u010dn\u00fd port\u00e1l","url":"https:\/\/msdprelekarov.sk\/edu\/","logo":{"@type":"ImageObject","inLanguage":"sk-SK","@id":"https:\/\/msdprelekarov.sk\/edu\/#\/schema\/logo\/image\/","url":"https:\/\/msdprelekarov.sk\/edu\/wp-content\/uploads\/sites\/87\/2026\/03\/cropped-02852_MSD_Logo_Horizontal_TealGrey_RGB-e1773821662338.png","contentUrl":"https:\/\/msdprelekarov.sk\/edu\/wp-content\/uploads\/sites\/87\/2026\/03\/cropped-02852_MSD_Logo_Horizontal_TealGrey_RGB-e1773821662338.png","width":120,"height":45,"caption":"Eduka\u010dn\u00fd port\u00e1l"},"image":{"@id":"https:\/\/msdprelekarov.sk\/edu\/#\/schema\/logo\/image\/"}}]}},"_links":{"self":[{"href":"https:\/\/msdprelekarov.sk\/edu\/wp-json\/wp\/v2\/pages\/42","targetHints":{"allow":["GET"]}}],"collection":[{"href":"https:\/\/msdprelekarov.sk\/edu\/wp-json\/wp\/v2\/pages"}],"about":[{"href":"https:\/\/msdprelekarov.sk\/edu\/wp-json\/wp\/v2\/types\/page"}],"author":[{"embeddable":true,"href":"https:\/\/msdprelekarov.sk\/edu\/wp-json\/wp\/v2\/users\/1142"}],"replies":[{"embeddable":true,"href":"https:\/\/msdprelekarov.sk\/edu\/wp-json\/wp\/v2\/comments?post=42"}],"version-history":[{"count":45,"href":"https:\/\/msdprelekarov.sk\/edu\/wp-json\/wp\/v2\/pages\/42\/revisions"}],"predecessor-version":[{"id":25357,"href":"https:\/\/msdprelekarov.sk\/edu\/wp-json\/wp\/v2\/pages\/42\/revisions\/25357"}],"wp:attachment":[{"href":"https:\/\/msdprelekarov.sk\/edu\/wp-json\/wp\/v2\/media?parent=42"}],"wp:term":[{"taxonomy":"category","embeddable":true,"href":"https:\/\/msdprelekarov.sk\/edu\/wp-json\/wp\/v2\/categories?post=42"},{"taxonomy":"post_tag","embeddable":true,"href":"https:\/\/msdprelekarov.sk\/edu\/wp-json\/wp\/v2\/tags?post=42"},{"taxonomy":"ga4_page_audience","embeddable":true,"href":"https:\/\/msdprelekarov.sk\/edu\/wp-json\/wp\/v2\/ga4_page_audience?post=42"},{"taxonomy":"ga4_page_birn_id","embeddable":true,"href":"https:\/\/msdprelekarov.sk\/edu\/wp-json\/wp\/v2\/ga4_page_birn_id?post=42"},{"taxonomy":"ga4_page_branding","embeddable":true,"href":"https:\/\/msdprelekarov.sk\/edu\/wp-json\/wp\/v2\/ga4_page_branding?post=42"},{"taxonomy":"ga4_page_businessunit","embeddable":true,"href":"https:\/\/msdprelekarov.sk\/edu\/wp-json\/wp\/v2\/ga4_page_businessunit?post=42"},{"taxonomy":"ga4_page_campaign","embeddable":true,"href":"https:\/\/msdprelekarov.sk\/edu\/wp-json\/wp\/v2\/ga4_page_campaign?post=42"},{"taxonomy":"ga4_page_content_purpose","embeddable":true,"href":"https:\/\/msdprelekarov.sk\/edu\/wp-json\/wp\/v2\/ga4_page_content_purpose?post=42"},{"taxonomy":"ga4_page_customer_journey_stage","embeddable":true,"href":"https:\/\/msdprelekarov.sk\/edu\/wp-json\/wp\/v2\/ga4_page_customer_journey_stage?post=42"},{"taxonomy":"ga4_page_customer_specialty","embeddable":true,"href":"https:\/\/msdprelekarov.sk\/edu\/wp-json\/wp\/v2\/ga4_page_customer_specialty?post=42"},{"taxonomy":"ga4_page_experience","embeddable":true,"href":"https:\/\/msdprelekarov.sk\/edu\/wp-json\/wp\/v2\/ga4_page_experience?post=42"},{"taxonomy":"ga4_page_indication","embeddable":true,"href":"https:\/\/msdprelekarov.sk\/edu\/wp-json\/wp\/v2\/ga4_page_indication?post=42"},{"taxonomy":"ga4_page_material_intent","embeddable":true,"href":"https:\/\/msdprelekarov.sk\/edu\/wp-json\/wp\/v2\/ga4_page_material_intent?post=42"},{"taxonomy":"ga4_page_product","embeddable":true,"href":"https:\/\/msdprelekarov.sk\/edu\/wp-json\/wp\/v2\/ga4_page_product?post=42"},{"taxonomy":"ga4_page_region","embeddable":true,"href":"https:\/\/msdprelekarov.sk\/edu\/wp-json\/wp\/v2\/ga4_page_region?post=42"},{"taxonomy":"ga4_page_therapeuticarea","embeddable":true,"href":"https:\/\/msdprelekarov.sk\/edu\/wp-json\/wp\/v2\/ga4_page_therapeuticarea?post=42"},{"taxonomy":"tx-therapeutic-area","embeddable":true,"href":"https:\/\/msdprelekarov.sk\/edu\/wp-json\/wp\/v2\/tx-therapeutic-area?post=42"},{"taxonomy":"tx-product","embeddable":true,"href":"https:\/\/msdprelekarov.sk\/edu\/wp-json\/wp\/v2\/tx-product?post=42"},{"taxonomy":"tx-pathology","embeddable":true,"href":"https:\/\/msdprelekarov.sk\/edu\/wp-json\/wp\/v2\/tx-pathology?post=42"},{"taxonomy":"tx-content-type","embeddable":true,"href":"https:\/\/msdprelekarov.sk\/edu\/wp-json\/wp\/v2\/tx-content-type?post=42"},{"taxonomy":"tx-active-ingredient","embeddable":true,"href":"https:\/\/msdprelekarov.sk\/edu\/wp-json\/wp\/v2\/tx-active-ingredient?post=42"},{"taxonomy":"mhh-area-of-interest","embeddable":true,"href":"https:\/\/msdprelekarov.sk\/edu\/wp-json\/wp\/v2\/mhh-area-of-interest?post=42"},{"taxonomy":"access","embeddable":true,"href":"https:\/\/msdprelekarov.sk\/edu\/wp-json\/wp\/v2\/access?post=42"},{"taxonomy":"user_status","embeddable":true,"href":"https:\/\/msdprelekarov.sk\/edu\/wp-json\/wp\/v2\/user_status?post=42"},{"taxonomy":"user_role","embeddable":true,"href":"https:\/\/msdprelekarov.sk\/edu\/wp-json\/wp\/v2\/user_role?post=42"}],"curies":[{"name":"wp","href":"https:\/\/api.w.org\/{rel}","templated":true}]}}